{"id":1240,"date":"2018-07-22T13:55:14","date_gmt":"2018-07-22T11:55:14","guid":{"rendered":"https:\/\/www.realemusica.it\/shop\/?post_type=product&#038;p=1240"},"modified":"2026-01-02T06:59:01","modified_gmt":"2026-01-02T05:59:01","slug":"travolgimi-2018","status":"publish","type":"product","link":"https:\/\/www.realemusica.it\/shop\/libro\/8052745631096\/travolgimi-2018\/","title":{"rendered":"Travolgimi &#8211; CD"},"content":{"rendered":"<p>\u00c8 un disco. Un Album vero. Un vero e proprio Lavoro discografico. Grazie alle donazioni su Musicraiser che hanno superato di quasi 8000 euro le aspettative, abbiamo potuto dare vita alla produzione di questo progetto come abbiamo sempre sognato. Dalla stesura iniziale fino al master finale, abbiamo dato sfogo a tutte le idee che avevamo nel cuore da moltissimi anni. Un lavoro di quasi un anno dalla scrittura delle canzoni alla realizzazione, un anno in cui il CD \u00e8 stato registrato due volte, una in preproduzione per scriverne le parti e una totalmente alla Imagina Production, per realizzare il disco vero e proprio. In Travolgimi ciascun membro dei Reale ha curato personalmente le parti del proprio strumento. Abbiamo lavorato come si faceva una volta e la Provvidenza ci ha permesso di toglierci qualche sfizio come una sezione di archi, una sezione di fiati, un coro\u2026. abbiamo avuto molta libert\u00e0 artistica, che ha regalato a Travolgimi una identit\u00e0 ancora pi\u00f9 definita, ancora pi\u00f9 Reale. Ancora una volta \u00e8 un passo nella libert\u00e0. \u00c8 il pi\u00f9 personale, o autobiografico della nostra discografia, siamo stati del tutto noi stessi sia nei testi che nella musica, come se ci fossimo liberati da una zavorra che impediva questi passi. C\u2019\u00e8 dentro tutta la musica che fa parte di noi, rock, fusion, gospel, folk, pop \u2026 c\u2019\u00e8 dentro tutta la speranza che questo urlo travolga chiunque lo ascolti a dispetto di quello in cui si creda.<\/p>\n","protected":false},"excerpt":{"rendered":"<p><strong>Tracce:<\/strong><\/p>\n<ol>\n<li>Giorno uno<\/li>\n<li>Travolgimi<\/li>\n<li>Rockstar<\/li>\n<li>Voglio brillare<\/li>\n<li>Io non so pregare<\/li>\n<li>\u00c8 cos\u00ec o no?<\/li>\n<li>Il grande silenzio<\/li>\n<li>Il tempo vero<\/li>\n<li>Chiama <em>(worship version)<\/em><\/li>\n<li>Dove abiti<\/li>\n<li>Meglio di cos\u00ec<\/li>\n<li>Non c&#8217;\u00e8 tempo da perdere<\/li>\n<li>Il cuore da cui provengo<\/li>\n<\/ol>\n","protected":false},"featured_media":1188,"template":"","meta":{"_acf_changed":false,"_et_pb_use_builder":"","_et_pb_old_content":"","_et_gb_content_width":""},"product_brand":[],"product_cat":[6],"product_tag":[65,17,19,69,66,67,16,70,68,71],"class_list":{"0":"post-1240","1":"product","2":"type-product","3":"status-publish","4":"has-post-thumbnail","6":"product_cat-musica","7":"product_tag-65","8":"product_tag-alessandro-gallo","9":"product_tag-comunita-cenacolo","10":"product_tag-giorno-uno","11":"product_tag-io-non-so-pregare","12":"product_tag-nuovo-album","13":"product_tag-reale","14":"product_tag-rockstar","15":"product_tag-travolgimi","16":"product_tag-ultimo-album","18":"first","19":"outofstock","20":"taxable","21":"shipping-taxable","22":"purchasable","23":"product-type-simple"},"acf":[],"yoast_head":"<!-- This site is optimized with the Yoast SEO plugin v27.3 - https:\/\/yoast.com\/product\/yoast-seo-wordpress\/ -->\n<title>Travolgimi - CD - Reale online shop - Musica Cristiana<\/title>\n<meta name=\"description\" content=\"Acquista il CD di Travolgimi, in vendita nel negozio online ufficiale dei Reale! Spedizione gratuita per ordini superiori a 50 euro!\" \/>\n<meta name=\"robots\" content=\"index, follow, max-snippet:-1, max-image-preview:large, max-video-preview:-1\" \/>\n<link rel=\"canonical\" href=\"https:\/\/www.realemusica.it\/shop\/libro\/8052745631096\/travolgimi-2018\/\" \/>\n<meta property=\"og:locale\" content=\"it_IT\" \/>\n<meta property=\"og:type\" content=\"article\" \/>\n<meta property=\"og:title\" content=\"Travolgimi - CD - Reale online shop - Musica Cristiana\" \/>\n<meta property=\"og:description\" content=\"Acquista il CD di Travolgimi, in vendita nel negozio online ufficiale dei Reale! Spedizione gratuita per ordini superiori a 50 euro!\" \/>\n<meta property=\"og:url\" content=\"https:\/\/www.realemusica.it\/shop\/libro\/8052745631096\/travolgimi-2018\/\" \/>\n<meta property=\"og:site_name\" content=\"Reale online shop - Musica Cristiana\" \/>\n<meta property=\"article:publisher\" content=\"https:\/\/www.facebook.com\/Realemusica\/\" \/>\n<meta property=\"article:modified_time\" content=\"2026-01-02T05:59:01+00:00\" \/>\n<meta property=\"og:image\" content=\"https:\/\/www.realemusica.it\/shop\/wp-content\/uploads\/reale-cover-mod-2-e1528490682741.jpg\" \/>\n\t<meta property=\"og:image:width\" content=\"512\" \/>\n\t<meta property=\"og:image:height\" content=\"512\" \/>\n\t<meta property=\"og:image:type\" content=\"image\/jpeg\" \/>\n<meta name=\"twitter:card\" content=\"summary_large_image\" \/>\n<meta name=\"twitter:label1\" content=\"Tempo di lettura stimato\" \/>\n\t<meta name=\"twitter:data1\" content=\"1 minuto\" \/>\n<script type=\"application\/ld+json\" class=\"yoast-schema-graph\">{\"@context\":\"https:\\\/\\\/schema.org\",\"@graph\":[{\"@type\":\"WebPage\",\"@id\":\"https:\\\/\\\/www.realemusica.it\\\/shop\\\/libro\\\/8052745631096\\\/travolgimi-2018\\\/\",\"url\":\"https:\\\/\\\/www.realemusica.it\\\/shop\\\/libro\\\/8052745631096\\\/travolgimi-2018\\\/\",\"name\":\"Travolgimi - CD - Reale online shop - Musica Cristiana\",\"isPartOf\":{\"@id\":\"https:\\\/\\\/www.realemusica.it\\\/shop\\\/#website\"},\"primaryImageOfPage\":{\"@id\":\"https:\\\/\\\/www.realemusica.it\\\/shop\\\/libro\\\/8052745631096\\\/travolgimi-2018\\\/#primaryimage\"},\"image\":{\"@id\":\"https:\\\/\\\/www.realemusica.it\\\/shop\\\/libro\\\/8052745631096\\\/travolgimi-2018\\\/#primaryimage\"},\"thumbnailUrl\":\"https:\\\/\\\/www.realemusica.it\\\/shop\\\/wp-content\\\/uploads\\\/reale-cover-mod-2-e1528490682741-jpg.webp\",\"datePublished\":\"2018-07-22T11:55:14+00:00\",\"dateModified\":\"2026-01-02T05:59:01+00:00\",\"description\":\"Acquista il CD di Travolgimi, in vendita nel negozio online ufficiale dei Reale! Spedizione gratuita per ordini superiori a 50 euro!\",\"breadcrumb\":{\"@id\":\"https:\\\/\\\/www.realemusica.it\\\/shop\\\/libro\\\/8052745631096\\\/travolgimi-2018\\\/#breadcrumb\"},\"inLanguage\":\"it-IT\",\"potentialAction\":[{\"@type\":\"ReadAction\",\"target\":[\"https:\\\/\\\/www.realemusica.it\\\/shop\\\/libro\\\/8052745631096\\\/travolgimi-2018\\\/\"]}]},{\"@type\":\"ImageObject\",\"inLanguage\":\"it-IT\",\"@id\":\"https:\\\/\\\/www.realemusica.it\\\/shop\\\/libro\\\/8052745631096\\\/travolgimi-2018\\\/#primaryimage\",\"url\":\"https:\\\/\\\/www.realemusica.it\\\/shop\\\/wp-content\\\/uploads\\\/reale-cover-mod-2-e1528490682741-jpg.webp\",\"contentUrl\":\"https:\\\/\\\/www.realemusica.it\\\/shop\\\/wp-content\\\/uploads\\\/reale-cover-mod-2-e1528490682741-jpg.webp\",\"width\":512,\"height\":512,\"caption\":\"Reale_Travolgimi-cover_512x512\"},{\"@type\":\"BreadcrumbList\",\"@id\":\"https:\\\/\\\/www.realemusica.it\\\/shop\\\/libro\\\/8052745631096\\\/travolgimi-2018\\\/#breadcrumb\",\"itemListElement\":[{\"@type\":\"ListItem\",\"position\":1,\"name\":\"Home\",\"item\":\"https:\\\/\\\/www.realemusica.it\\\/shop\\\/\"},{\"@type\":\"ListItem\",\"position\":2,\"name\":\"Home_old\",\"item\":\"https:\\\/\\\/www.realemusica.it\\\/shop\\\/?page_id=45\"},{\"@type\":\"ListItem\",\"position\":3,\"name\":\"Travolgimi &#8211; CD\"}]},{\"@type\":\"WebSite\",\"@id\":\"https:\\\/\\\/www.realemusica.it\\\/shop\\\/#website\",\"url\":\"https:\\\/\\\/www.realemusica.it\\\/shop\\\/\",\"name\":\"Reale Musica\",\"description\":\"Reale - Merchandising, musica cristiana, shop\",\"publisher\":{\"@id\":\"https:\\\/\\\/www.realemusica.it\\\/shop\\\/#organization\"},\"potentialAction\":[{\"@type\":\"SearchAction\",\"target\":{\"@type\":\"EntryPoint\",\"urlTemplate\":\"https:\\\/\\\/www.realemusica.it\\\/shop\\\/?s={search_term_string}\"},\"query-input\":{\"@type\":\"PropertyValueSpecification\",\"valueRequired\":true,\"valueName\":\"search_term_string\"}}],\"inLanguage\":\"it-IT\"},{\"@type\":\"Organization\",\"@id\":\"https:\\\/\\\/www.realemusica.it\\\/shop\\\/#organization\",\"name\":\"Reale Musica\",\"url\":\"https:\\\/\\\/www.realemusica.it\\\/shop\\\/\",\"logo\":{\"@type\":\"ImageObject\",\"inLanguage\":\"it-IT\",\"@id\":\"https:\\\/\\\/www.realemusica.it\\\/shop\\\/#\\\/schema\\\/logo\\\/image\\\/\",\"url\":\"https:\\\/\\\/www.realemusica.it\\\/shop\\\/wp-content\\\/uploads\\\/cropped-Logo-solo-fenice-Reale-vettoriale-black.png\",\"contentUrl\":\"https:\\\/\\\/www.realemusica.it\\\/shop\\\/wp-content\\\/uploads\\\/cropped-Logo-solo-fenice-Reale-vettoriale-black.png\",\"width\":512,\"height\":512,\"caption\":\"Reale Musica\"},\"image\":{\"@id\":\"https:\\\/\\\/www.realemusica.it\\\/shop\\\/#\\\/schema\\\/logo\\\/image\\\/\"},\"sameAs\":[\"https:\\\/\\\/www.facebook.com\\\/Realemusica\\\/\",\"https:\\\/\\\/www.instagram.com\\\/realemusica\\\/\",\"https:\\\/\\\/www.youtube.com\\\/user\\\/Realemusica\\\/\"]}]}<\/script>\n<!-- \/ Yoast SEO plugin. -->","yoast_head_json":{"title":"Travolgimi - CD - Reale online shop - Musica Cristiana","description":"Acquista il CD di Travolgimi, in vendita nel negozio online ufficiale dei Reale! Spedizione gratuita per ordini superiori a 50 euro!","robots":{"index":"index","follow":"follow","max-snippet":"max-snippet:-1","max-image-preview":"max-image-preview:large","max-video-preview":"max-video-preview:-1"},"canonical":"https:\/\/www.realemusica.it\/shop\/libro\/8052745631096\/travolgimi-2018\/","og_locale":"it_IT","og_type":"article","og_title":"Travolgimi - CD - Reale online shop - Musica Cristiana","og_description":"Acquista il CD di Travolgimi, in vendita nel negozio online ufficiale dei Reale! Spedizione gratuita per ordini superiori a 50 euro!","og_url":"https:\/\/www.realemusica.it\/shop\/libro\/8052745631096\/travolgimi-2018\/","og_site_name":"Reale online shop - Musica Cristiana","article_publisher":"https:\/\/www.facebook.com\/Realemusica\/","article_modified_time":"2026-01-02T05:59:01+00:00","og_image":[{"width":512,"height":512,"url":"https:\/\/www.realemusica.it\/shop\/wp-content\/uploads\/reale-cover-mod-2-e1528490682741.jpg","type":"image\/jpeg"}],"twitter_card":"summary_large_image","twitter_misc":{"Tempo di lettura stimato":"1 minuto"},"schema":{"@context":"https:\/\/schema.org","@graph":[{"@type":"WebPage","@id":"https:\/\/www.realemusica.it\/shop\/libro\/8052745631096\/travolgimi-2018\/","url":"https:\/\/www.realemusica.it\/shop\/libro\/8052745631096\/travolgimi-2018\/","name":"Travolgimi - CD - Reale online shop - Musica Cristiana","isPartOf":{"@id":"https:\/\/www.realemusica.it\/shop\/#website"},"primaryImageOfPage":{"@id":"https:\/\/www.realemusica.it\/shop\/libro\/8052745631096\/travolgimi-2018\/#primaryimage"},"image":{"@id":"https:\/\/www.realemusica.it\/shop\/libro\/8052745631096\/travolgimi-2018\/#primaryimage"},"thumbnailUrl":"https:\/\/www.realemusica.it\/shop\/wp-content\/uploads\/reale-cover-mod-2-e1528490682741-jpg.webp","datePublished":"2018-07-22T11:55:14+00:00","dateModified":"2026-01-02T05:59:01+00:00","description":"Acquista il CD di Travolgimi, in vendita nel negozio online ufficiale dei Reale! Spedizione gratuita per ordini superiori a 50 euro!","breadcrumb":{"@id":"https:\/\/www.realemusica.it\/shop\/libro\/8052745631096\/travolgimi-2018\/#breadcrumb"},"inLanguage":"it-IT","potentialAction":[{"@type":"ReadAction","target":["https:\/\/www.realemusica.it\/shop\/libro\/8052745631096\/travolgimi-2018\/"]}]},{"@type":"ImageObject","inLanguage":"it-IT","@id":"https:\/\/www.realemusica.it\/shop\/libro\/8052745631096\/travolgimi-2018\/#primaryimage","url":"https:\/\/www.realemusica.it\/shop\/wp-content\/uploads\/reale-cover-mod-2-e1528490682741-jpg.webp","contentUrl":"https:\/\/www.realemusica.it\/shop\/wp-content\/uploads\/reale-cover-mod-2-e1528490682741-jpg.webp","width":512,"height":512,"caption":"Reale_Travolgimi-cover_512x512"},{"@type":"BreadcrumbList","@id":"https:\/\/www.realemusica.it\/shop\/libro\/8052745631096\/travolgimi-2018\/#breadcrumb","itemListElement":[{"@type":"ListItem","position":1,"name":"Home","item":"https:\/\/www.realemusica.it\/shop\/"},{"@type":"ListItem","position":2,"name":"Home_old","item":"https:\/\/www.realemusica.it\/shop\/?page_id=45"},{"@type":"ListItem","position":3,"name":"Travolgimi &#8211; CD"}]},{"@type":"WebSite","@id":"https:\/\/www.realemusica.it\/shop\/#website","url":"https:\/\/www.realemusica.it\/shop\/","name":"Reale Musica","description":"Reale - Merchandising, musica cristiana, shop","publisher":{"@id":"https:\/\/www.realemusica.it\/shop\/#organization"},"potentialAction":[{"@type":"SearchAction","target":{"@type":"EntryPoint","urlTemplate":"https:\/\/www.realemusica.it\/shop\/?s={search_term_string}"},"query-input":{"@type":"PropertyValueSpecification","valueRequired":true,"valueName":"search_term_string"}}],"inLanguage":"it-IT"},{"@type":"Organization","@id":"https:\/\/www.realemusica.it\/shop\/#organization","name":"Reale Musica","url":"https:\/\/www.realemusica.it\/shop\/","logo":{"@type":"ImageObject","inLanguage":"it-IT","@id":"https:\/\/www.realemusica.it\/shop\/#\/schema\/logo\/image\/","url":"https:\/\/www.realemusica.it\/shop\/wp-content\/uploads\/cropped-Logo-solo-fenice-Reale-vettoriale-black.png","contentUrl":"https:\/\/www.realemusica.it\/shop\/wp-content\/uploads\/cropped-Logo-solo-fenice-Reale-vettoriale-black.png","width":512,"height":512,"caption":"Reale Musica"},"image":{"@id":"https:\/\/www.realemusica.it\/shop\/#\/schema\/logo\/image\/"},"sameAs":["https:\/\/www.facebook.com\/Realemusica\/","https:\/\/www.instagram.com\/realemusica\/","https:\/\/www.youtube.com\/user\/Realemusica\/"]}]}},"_links":{"self":[{"href":"https:\/\/www.realemusica.it\/shop\/wp-json\/wp\/v2\/product\/1240","targetHints":{"allow":["GET"]}}],"collection":[{"href":"https:\/\/www.realemusica.it\/shop\/wp-json\/wp\/v2\/product"}],"about":[{"href":"https:\/\/www.realemusica.it\/shop\/wp-json\/wp\/v2\/types\/product"}],"wp:featuredmedia":[{"embeddable":true,"href":"https:\/\/www.realemusica.it\/shop\/wp-json\/wp\/v2\/media\/1188"}],"wp:attachment":[{"href":"https:\/\/www.realemusica.it\/shop\/wp-json\/wp\/v2\/media?parent=1240"}],"wp:term":[{"taxonomy":"product_brand","embeddable":true,"href":"https:\/\/www.realemusica.it\/shop\/wp-json\/wp\/v2\/product_brand?post=1240"},{"taxonomy":"product_cat","embeddable":true,"href":"https:\/\/www.realemusica.it\/shop\/wp-json\/wp\/v2\/product_cat?post=1240"},{"taxonomy":"product_tag","embeddable":true,"href":"https:\/\/www.realemusica.it\/shop\/wp-json\/wp\/v2\/product_tag?post=1240"}],"curies":[{"name":"wp","href":"https:\/\/api.w.org\/{rel}","templated":true}]}}